e l(-27).
-291
Let i(f) = -8*f**2 - 478*f - 3331. Determine i(-7).
-377
Let t(y) = -16*y**2 - 229*y + 2429. Determine t(7).
42
Let a(s) = 844*s - 3432. Determine a(4).
-56
Let j(q) = q**3 - 46*q**2 - 119*q + 1121. Calculate j(48).
17
Let v(n) = 3*n**2 + 6260*n - 56606. Calculate v(9).
-23
Let w(i) = -346589*i + 23914637. What is w(69)?
-4
Let j(v) = -21395*v + 213967. What is j(10)?
17
Let u(y) = -13124*y + 236358. Give u(18).
126
Let f(y) = y**2 - 84*y - 57425. Determine f(-202).
347
Let t(f) = -107*f**2 - 536*f + 23. Give t(-5).
28
Let p(s) = s**2 - 116*s + 2826. Determine p(78).
-138
Let p(k) = k**3 - 18*k**2 - 923*k + 17749. Calculate p(20).
89
Let s(f) = -16*f**3 + 5*f**2 + 1829*f - 7277. Calculate s(4).
-905
Let a(w) = -200*w**2 - 755*w + 149. Give a(-4).
-31
Let i(b) = -2*b**2 - 165*b + 28407. Determine i(85).
-68
Let i(l) = 956*l + 1546. Determine i(1).
2502
Let f(s) = 12292*s - 61418. What is f(5)?
42
Let i(f) = -f**3 - 112*f**2 - 2701*f - 611. What is i(-77)?
-149
Let q(g) = g**3 - 90*g**2 + 5*g + 792. Give q(0).
792
Let s(i) = 16*i**2 + 20*i - 1182. Calculate s(8).
2
Let h(y) = -y**2 - 278354*y + 1113427. What is h(4)?
-5
Let q(u) = 45643*u + 5385881. What is q(-118)?
7
Let k(r) = -269650*r - 19414799. Determine k(-72).
1
Let l(i) = 7*i**2 + 229*i - 6233. What is l(18)?
157
Let n(l) = 8*l**3 + 7*l**2 + 74*l + 111. Give n(-6).
-1809
Let g(i) = -783*i + 7593. What is g(10)?
-237
Let q(n) = -n**2 + 3422*n - 165061. Determine q(49).
216
Let s(v) = -v**3 - 110*v**2 + 42*v + 4366. Calculate s(-110).
-254
Let u(w) = -w**3 - 27*w**2 - 15*w - 91. Determine u(-28).
1113
Let a(g) = -g**3 + 216*g**2 - 750*g + 162005. Give a(216).
5
Let u(v) = v**2 - 6668*v - 73491. Give u(-11).
-22
Let n(p) = -17571*p + 843414. Calculate n(48).
6
Let t(l) = -64*l**3 + 3382*l**2 + 534*l + 114. Calculate t(53).
326
Let i(w) = -4*w**3 + 2*w**2 + 166*w + 121. Determine i(-8).
969
Let d(n) = -2047*n**2 - 1123*n - 2249. Calculate d(-2).
-8191
Let t(b) = -1821*b + 107310. What is t(59)?
-129
Let k(j) = 58*j**2 - 1008*j + 3104. Give k(4).
0
Let v(d) = -1067*d - 25113. Determine v(-25).
1562
Let y(b) = -521*b - 8441. Calculate y(-16).
-105
Let w(c) = 27*c**3 + 322*c**2 - 1041*c - 12205. What is w(-12)?
-1
Let u(x) = 2*x**3 + 42*x**2 - 8*x + 222. Calculate u(-20).
1182
Let i(j) = -j**3 - 77*j**2 - 134*j + 6412. Give i(-74).
-100
Let z(f) = 193*f + 19047. Give z(-99).
-60
Let c(r) = 6*r**2 + 91*r - 1282. Calculate c(13).
915
Let w(x) = -1045*x + 19946. What is w(19)?
91
Let x(u) = -527*u + 11819. Determine x(22).
225
Let t(a) = 8*a**2 - 39*a - 1249. What is t(-21)?
3098
Let n(z) = -3*z**2 + 56456*z - 225769. Calculate n(4).
7
Let t(c) = -99*c**2 - 7*c + 12. What is t(0)?
12
Let l(q) = q**3 + 43*q**2 + 18*q + 14. Determine l(-42).
1022
Let n(f) = 3*f**2 - 107*f + 1122. Give n(23).
248
Let v(x) = 886*x**2 + 54925*x - 445. Determine v(-62).
-11
Let x(r) = -4335*r + 1421780. Calculate x(328).
-100
Let q(u) = 14*u**2 - 51*u - 179. Give q(3).
-206
Let a(w) = -20*w**2 + 1853*w - 38217. Determine a(31).
6
Let v(j) = -252*j + 3314. Determine v(13).
38
Let n(f) = f**3 - 2*f**2 - 91*f + 41. Determine n(10).
-69
Let g(u) = -u**2 + 1339*u + 31392. Give g(-23).
66
Let q(z) = -356*z + 4002. Calculate q(11).
86
Let w(g) = -11*g**3 - 405*g**2 + 4650*g + 221. What is w(-46)?
37
Let a(r) = r**3 + 195*r**2 + 3646*r + 753045. Give a(-196).
13
Let w(i) = -i**2 + 499*i + 10392. What is w(-20)?
12
Let a(h) = -2*h**2 - 262*h - 8517. What is a(-69)?
39
Let w(s) = s**3 - 210*s**2 + 4761*s + 4196. Determine w(184).
-36
Let s(l) = -23*l**2 - 90232*l + 270701. Give s(3).
-202
Let s(p) = p**3 - 85*p**2 - 92*p + 7906. Determine s(85).
86
Let o(u) = 81*u**2 - 2177*u + 6593. Give o(3).
791
Let a(k) = 2858*k + 2440739. Give a(-854).
7
Let g(n) = -42552*n + 170105. Calculate g(4).
-103
Let v(c) = c**2 + 3917*c + 265505. What is v(-69)?
-7
Let b(q) = 12*q**3 - 101*q**2 - 295*q + 4. Give b(-3).
-344
Let c(a) = -a**3 + 431*a**2 - 3786*a - 4750. Calculate c(422).
314
Let l(q) = 47*q + 2710. Determine l(-70).
-580
Let u(g) = 3*g**3 + 315*g**2 + 44*g + 1036. Give u(-105).
-3584
Let r(i) = 13*i**3 - 7253*i**2 + 28253*i + 560. What is r(554)?
6
Let m(y) = -3*y**3 - 31*y**2 - 53*y + 114. Calculate m(-8).
90
Let u(y) = 110*y + 18001. Give u(-180).
-1799
Let a(f) = -3*f**2 + 465*f + 35647. What is a(212)?
-605
Let l(j) = -6654*j + 173007. Determine l(26).
3
Let t(p) = -p**2 - 1901*p + 11410. Calculate t(6).
-32
Let r(i) = -190*i**2 - 1179*i - 1133. Calculate r(-5).
12
Let a(m) = -12*m**3 - 49*m**2 + 14*m + 86. Determine a(-4).
14
Let n(h) = -13*h**2 - 5571*h + 8103. What is n(-430)?
-67
Let w(o) = -8*o**2 + 814*o - 19683. Calculate w(62).
33
Let i(v) = 46021*v + 184084. Give i(-4).
0
Let s(i) = -961*i + 122015. Determine s(127).
-32
Let c(w) = 46*w - 6546. Determine c(126).
-750
Let f(w) = 24381*w - 1121520. What is f(46)?
6
Let b(z) = -3*z**3 - 24*z**2 + 213*z + 1588. Calculate b(-9).
-86
Let i(r) = -1285*r - 14044. Calculate i(-11).
91
Let o(i) = 106*i - 2287. Determine o(52).
3225
Let o(f) = 272*f + 11523. Give o(-42).
99
Let x(u) = -9*u**2 + 2093*u - 81623. Calculate x(183).
-5
Let l(t) = 2*t**3 + 225*t**2 + 359*t + 3076. Calculate l(-111).
190
Let h(a) = -69579*a + 1321994. Calculate h(19).
-7
Let h(z) = -z**3 - 2*z**2 - 60*z - 3193. Give h(-14).
-1
Let w(n) = 2*n**3 - 11*n**2 + 60*n - 482. Determine w(6).
-86
Let y(t) = -587*t**2 - 21*t - 8. Calculate y(-2).
-2314
Let i(h) = -16550*h + 115872. Determine i(7).
22
Let q(r) = 899*r + 46. Determine q(0).
46
Let w(l) = -73*l**3 - 120*l**2 - 104*l + 14. Determine w(-1).
71
Let p(g) = -61*g**2 + 1844*g + 31. Determine p(30).
451
Let u(p) = 688*p - 4163. Determine u(6).
-35
Let c(z) = -z**3 - 314*z**2 + 274*z - 12917. Determine c(-315).
-2
Let w(s) = 5*s**2 + 274*s + 2023. What is w(-7)?
350
Let s(i) = -385*i**2 + 16517*i + 1634. Determine s(43).
0
Let s(n) = -250*n - 94849. Calculate s(-369).
-2599
Let g(m) = -4*m**3 + 339*m**2 + 93*m - 355. Give g(85).
325
Let z(b) = 103747*b - 1037467. What is z(10)?
3
Let f(y) = -654*y + 32678. Calculate f(50).
-22
Let n(x) = -2*x**3 + 1288*x**2 - 15164*x - 9. Calculate n(12).
39
Let u(j) = 232*j**2 - 53603*j + 2504. Calculate u(231).
-37
Let a(p) = 321*p + 26646. Determine a(-83).
3
Let b(x) = x**2 - 16809*x + 302229. Give b(18).
-9
Let p(v) = 73*v**2 - 292*v + 844. Calculate p(3).
625
Let s(l) = 2*l**2 + 400702*l + 2003454. Give s(-5).
-6
Let u(a) = 198*a - 16217. Give u(82).
19
Let t(x) = 292*x**3 + 6*x**2 - 63*x + 58. Calculate t(1).
293
Let m(z) = 72557*z + 5296609. What is m(-73)?
-52
Let j(a) = -39*a**2 - 448*a + 441. Calculate j(1).
-46
Let f(a) = -1461*a - 11912. Calculate f(-8).
-224
Let f(v) = -8*v**3 + 1742*v**2 + 615*v - 39021. Give f(218).
1
Let w(q) = -q**3 + 73*q**2 + 134*q - 9781. What is w(73)?
1
Let f(q) = -1975*q + 442419. Calculate f(224).
19
Let l(p) = -871*p + 38957. Calculate l(45).
-238
Let f(n) = 59*n**2 + 925*n + 2. Give f(-16).
306
Let v(j) = 42*j**2 + 62*j + 50. What is v(6)?
1934
Let r(v) = 673*v + 300727. Calculate r(-447).
-104
Let z(w) = w**3 + 512*w**2 - 8982*w + 6. Give z(17).
193
Let w(u) = -64*u**3 + 18*u**2 - 57*u + 9. Give w(3).
-1728
Let u(l) = l**3 + 352*l**2 + 385*l + 10902. What is u(-351)?
-1032
Let p(g) = -6*g**2 - 8408*g - 2701580. Give p(-499).
6
Let k(d) = -1459584*d - 10217084. What is k(-7)?
4
Let l(o) = -97*o**2 + 3001*o + 191. Calculate l(31).
5
Let m(i) = 102*i**2 - 2543*i + 8430. Determine m(21).
9
Let p(s) = s**3 - 82*s**2 - 102*s + 1624. What is p(83)?
47
Let q(r) = -r**2 - 3548*r - 679035. What is q(-203)?
0
Let a(x) = -x**3 + 457*x**2 - 5833*x + 1207348. Determine a(450).
-2
Let l(v) = 700*v - 7081. Calculate l(10).
-81
Let k(u) = 6*u**2 - 502*u - 3629. Give k(90).
-209
Let t(v) = -2504*v + 7248. Determine t(3).
-264
Let x(t) = -t**3 - 42*t**2 + 335*t + 1. Give x(-48).
-2255
Let b(o) = -880*o + 9. What is b(0)?
9
Let i(y) = -24801*y + 24753. Give i(1).
-48
Let d(g) = 57*g**2 + 1118*g - 1666. What is d(-21)?
-7
Let d(q) = -q**2 + 313659*q - 2195614. Calculate d(7).
-50
Let c(w) = 519339*w - 1558019. Calculate c(3).
-2
Let u(k) = 2035*k + 1846. Determine u(-1).
-189
Let w(o) = -o**2 - 126*o - 965. Calculate w(-111).
700
Let d(y) = -461*y - 70081. What is d(-152)?
-9
Let y(